{"id":664,"date":"2025-10-13T20:01:47","date_gmt":"2025-10-13T20:01:47","guid":{"rendered":"https:\/\/yobipet.elesteam.com\/?post_type=product&#038;p=664"},"modified":"2025-10-13T20:44:40","modified_gmt":"2025-10-13T20:44:40","slug":"concentrado-summit-10-para-gato-adulto-3-kg","status":"publish","type":"product","link":"https:\/\/yobipet.elesteam.com\/index.php\/producto\/concentrado-summit-10-para-gato-adulto-3-kg\/","title":{"rendered":"Concentrado Summit 10 para Gato Adulto. 3 Kg"},"content":{"rendered":"<p><b>\u00bfQU\u00c9 ES?<\/b><\/p>\n<p>Es un alimento completo y equilibrado para gatos adultos (a partir de 1 a\u00f1o de edad) de cualquier tama\u00f1o.<br \/>\nTiene una f\u00f3rmula especial \u201cHairball Control\u201d (control de bolas de pelo) para ayudar a reducir la formaci\u00f3n de bolas de pelo.<br \/>\nSus ingredientes principales son pollo, pescado y arroz como fuentes de prote\u00edna y carbohidratos de f\u00e1cil digesti\u00f3n.<\/p>\n<p><b>BENEFICIOS<\/b><\/p>\n<ul>\n<li style=\"font-weight: 400;\" aria-level=\"1\"><span style=\"font-weight: 400;\">Promoci\u00f3n de una digesti\u00f3n saludable mediante una combinaci\u00f3n de fibras que favorecen el tr\u00e1nsito intestinal y ayudan a eliminar bolas de pelo.<\/span><\/li>\n<li style=\"font-weight: 400;\" aria-level=\"1\"><span style=\"font-weight: 400;\">Reforzamiento de las defensas naturales del gato gracias a ingredientes funcionales (una serie de al menos \u201c10 ingredientes\u201d que apoyan la salud digestiva e inmune)<\/span><a href=\"https:\/\/carnavalanimal.cl\/products\/summit-10-life-stages-cat-complet-chicken?srsltid=AfmBOooVOE7O5-lQOPYzMNbxwqBtAlb-ApUEqJycedHcjUTUmebZbdBt&amp;utm_source=chatgpt.com\"><span style=\"font-weight: 400;\">\u00a0<\/span><\/a><\/li>\n<li style=\"font-weight: 400;\" aria-level=\"1\"><span style=\"font-weight: 400;\">Prote\u00ednas de calidad para el mantenimiento de la masa muscular y salud general. (Al ser alimento completo) Ingredientes cuidadosamente seleccionados para buena palatabilidad y digestibilidad.<\/span><\/li>\n<\/ul>\n<p><b>INGREDIENTES \/ COMPOSICI\u00d3N<\/b><\/p>\n<p><span style=\"font-weight: 400;\">Harina de pollo (30%), trigo, arroz (10%), ma\u00edz, harina de pescado, grasa de pollo, levadura, h\u00edgado de pollo hidrolizado, fibra de celulosa, pulpa de remolacha, pulpa de achicoria (FOS), aceite de salm\u00f3n, huevo entero deshidratado, manzana, sal, cloruro de potasio, romero, agrimonia, Yucca schidigera.<\/span><\/p>\n<p><span style=\"font-weight: 400;\">Nutricionales: Vitamina A 18.000 UI\/kg, Vitamina D3 1.200 UI\/kg, Vitamina E 80 mg\/kg, Cobre (sulfato de cobre (II) pentahidratado) 20 mg\/kg, Zinc (\u00f3xido de zinc) 150 mg\/kg, Yodo (yoduro de potasio) 3,5 mg\/kg, Manganeso (sulfato de manganeso monohidratado) 7,5 mg\/kg, Selenio (selenito de sodio) 0,15 mg\/kg, L-Carnitina 100 mg\/kg, Taurina 1000 mg\/kg.<\/span><\/p>\n<p><span style=\"font-weight: 400;\">\u00a0Tecnol\u00f3gico: Antioxidantes naturales a base de tocoferol.<\/span><\/p>\n<p><strong>AN\u00c1LISIS GARANTIZADO<\/strong><\/p>\n<p><span style=\"font-weight: 400;\">Prote\u00edna bruta (30%), Grasa bruta (14%), Fibra bruta (4%), Ceniza bruta (7.8%), Calcio (1.2%), F\u00f3sforo (0.6%), Humedad (9.0%)<\/span><\/p>\n<p><b>DOSIS \/APLICACI\u00d3N<\/b><\/p>\n<p><span style=\"font-weight: 400;\">Las dosis suelen calcularse en funci\u00f3n del peso del gato, nivel de actividad y condici\u00f3n corporal. Te recomiendo:<\/span><\/p>\n<ul>\n<li style=\"font-weight: 400;\" aria-level=\"1\"><span style=\"font-weight: 400;\">Ver el empaque del producto, donde normalmente aparece una tabla con gramos diarios seg\u00fan el peso del gato.<\/span><\/li>\n<\/ul>\n","protected":false},"excerpt":{"rendered":"<p>Alimento seco Super Premium para gato adulto, control de bola de pelo, con sabor a <strong>pollo, pescado y arroz.\u00a0<\/strong><\/p>\n<p>6.61 Libras<\/p>\n","protected":false},"featured_media":666,"template":"","meta":[],"product_brand":[52],"product_cat":[46,48],"product_tag":[],"class_list":{"0":"post-664","1":"product","2":"type-product","3":"status-publish","4":"has-post-thumbnail","6":"product_brand-summit-10","7":"product_cat-comida","8":"product_cat-comida-para-gatos","10":"first","11":"instock","12":"shipping-taxable","13":"purchasable","14":"product-type-simple"},"_links":{"self":[{"href":"https:\/\/yobipet.elesteam.com\/index.php\/wp-json\/wp\/v2\/product\/664","targetHints":{"allow":["GET"]}}],"collection":[{"href":"https:\/\/yobipet.elesteam.com\/index.php\/wp-json\/wp\/v2\/product"}],"about":[{"href":"https:\/\/yobipet.elesteam.com\/index.php\/wp-json\/wp\/v2\/types\/product"}],"wp:featuredmedia":[{"embeddable":true,"href":"https:\/\/yobipet.elesteam.com\/index.php\/wp-json\/wp\/v2\/media\/666"}],"wp:attachment":[{"href":"https:\/\/yobipet.elesteam.com\/index.php\/wp-json\/wp\/v2\/media?parent=664"}],"wp:term":[{"taxonomy":"product_brand","embeddable":true,"href":"https:\/\/yobipet.elesteam.com\/index.php\/wp-json\/wp\/v2\/product_brand?post=664"},{"taxonomy":"product_cat","embeddable":true,"href":"https:\/\/yobipet.elesteam.com\/index.php\/wp-json\/wp\/v2\/product_cat?post=664"},{"taxonomy":"product_tag","embeddable":true,"href":"https:\/\/yobipet.elesteam.com\/index.php\/wp-json\/wp\/v2\/product_tag?post=664"}],"curies":[{"name":"wp","href":"https:\/\/api.w.org\/{rel}","templated":true}]}}