{"id":694,"date":"2025-10-13T22:27:44","date_gmt":"2025-10-13T22:27:44","guid":{"rendered":"https:\/\/yobipet.elesteam.com\/?post_type=product&#038;p=694"},"modified":"2025-10-13T22:28:31","modified_gmt":"2025-10-13T22:28:31","slug":"concentrado-summit-10-para-perro-adulto-mayor-senior-15-kg","status":"publish","type":"product","link":"https:\/\/yobipet.elesteam.com\/index.php\/producto\/concentrado-summit-10-para-perro-adulto-mayor-senior-15-kg\/","title":{"rendered":"Concentrado Summit 10 para Perro Adulto Mayor &#8211; Senior. 15 Kg"},"content":{"rendered":"<p><b>\u00bfQU\u00c9 ES?<\/b><\/p>\n<p><span style=\"font-weight: 400;\">Es un alimento seco completo y balanceado dise\u00f1ado para perros de edad avanzada (senior), con una f\u00f3rmula ligera principalmente con pollo y arroz. Est\u00e1 pensado para satisfacer los requerimientos nutricionales de perros mayores, ayudando a mantener su condici\u00f3n corporal adecuada y bienestar general durante la etapa de la tercera edad.<\/span><\/p>\n<p><b>BENEFICIOS\u00a0<\/b><\/p>\n<ul>\n<li style=\"font-weight: 400;\" aria-level=\"1\"><span style=\"font-weight: 400;\">Favorece un control del peso al tener una f\u00f3rmula \u201cligera\u201d, es decir, con componentes ajustados para evitar el exceso cal\u00f3rico en perros mayores.<\/span><\/li>\n<li style=\"font-weight: 400;\" aria-level=\"1\"><span style=\"font-weight: 400;\">Apoya la digesti\u00f3n mediante ingredientes seleccionados que facilitan el tr\u00e1nsito intestinal.<\/span>&nbsp;<\/li>\n<li style=\"font-weight: 400;\" aria-level=\"1\"><span style=\"font-weight: 400;\">Contribuye al bienestar \u00f3seo y articular, ofreciendo nutrientes que apoyan huesos y articulaciones.<\/span><\/li>\n<li style=\"font-weight: 400;\" aria-level=\"1\"><span style=\"font-weight: 400;\">Incluye ingredientes funcionales como antioxidantes naturales que ayudan a proteger las c\u00e9lulas del envejecimiento.<\/span><\/li>\n<li style=\"font-weight: 400;\" aria-level=\"1\"><span style=\"font-weight: 400;\">Aporta prote\u00ednas de calidad para mantener masa muscular, dentro de un perfil adecuado para perros senior.<\/span><\/li>\n<li style=\"font-weight: 400;\" aria-level=\"1\"><span style=\"font-weight: 400;\">Est\u00e1 formulado pensando en las necesidades especiales que surgen con la edad (metabolismo m\u00e1s lento, menor actividad, etc.)<\/span><\/li>\n<\/ul>\n<p><b>INGREDIENTES \/ COMPOSICI\u00d3N<\/b><\/p>\n<p><span style=\"font-weight: 400;\">Harina de pollo (23%), ma\u00edz, trigo, arroz (8%), harina de pescado, grasa de pollo, linaza, pulpa de remolacha, fibra de celulosa, h\u00edgado de pollo hidrolizado, pulpa de achicoria (FOS), levadura, huevo entero deshidratado, manzana, sal, cloruro de potasio, romero, agrimonia, extracto de levadura (MOS), glucosamina, sulfato de condroitina, Yucca schidigera.<\/span><\/p>\n<p><span style=\"font-weight: 400;\">Nutricionales:<\/span><span style=\"font-weight: 400;\"> Vitamina A 20.000 UI\/kg, Vitamina D3 1.500 UI\/kg, Vitamina E 150 mg\/kg, Cobre (sulfato de cobre (II) pentahidratado) 20 mg\/kg, Zinc (\u00f3xido de zinc) 135 mg\/kg, Yodo (yoduro de potasio) 3,2 mg\/kg, Manganeso (sulfato manganoso monohidratado) 6,8 mg\/kg, Selenio (selenito de sodio) 0,14 mg\/kg, L-Carnitina 100 mg\/kg.<\/span><\/p>\n<p><span style=\"font-weight: 400;\">Tecnol\u00f3gico:<\/span><span style=\"font-weight: 400;\"> Antioxidantes naturales a base de tocoferol.<\/span><\/p>\n<p><span style=\"font-weight: 400;\">AN\u00c1LISIS GARANTIZADO<\/span><\/p>\n<p><span style=\"font-weight: 400;\">Prote\u00edna bruta (26%), Grasa bruta (8.0%), Fibra bruta (4.0%), Ceniza bruta (7.8%), Calcio (1.4%), F\u00f3sforo (0.7%), Humedad (9.0%)<\/span><\/p>\n<p><span style=\"font-weight: 400;\">.<\/span><b>DOSIS\/ APLICACI\u00d3N<\/b><\/p>\n<p><span style=\"font-weight: 400;\">Ver el empaque del producto, donde normalmente aparece una tabla con gramos diarios.<\/span><\/p>\n<ul>\n<li style=\"font-weight: 400;\" aria-level=\"1\"><b>\u00a0\u00a0\u00a0<\/b><span style=\"font-weight: 400;\">Reparte la cantidad diaria en 2 comidas al d\u00eda, especialmente \u00fatil para perros mayores que comen mejor con porciones m\u00e1s peque\u00f1as<\/span><\/li>\n<li style=\"font-weight: 400;\" aria-level=\"1\"><span style=\"font-weight: 400;\">\u00b7\u00a0 Ajusta la dosis de alimento seg\u00fan el peso, nivel de actividad, condici\u00f3n corporal y estado de salud del perro<\/span><\/li>\n<\/ul>\n","protected":false},"excerpt":{"rendered":"<p>Alimento seco Super Premium para perro adulto mayor de 7 a\u00f1os de edad, sabor a <strong>pollo y arroz.\u00a0<\/strong><\/p>\n<p>33 Libras<\/p>\n","protected":false},"featured_media":696,"template":"","meta":[],"product_brand":[52],"product_cat":[46,47],"product_tag":[],"class_list":{"0":"post-694","1":"product","2":"type-product","3":"status-publish","4":"has-post-thumbnail","6":"product_brand-summit-10","7":"product_cat-comida","8":"product_cat-comida-para-perros","10":"first","11":"instock","12":"shipping-taxable","13":"purchasable","14":"product-type-simple"},"_links":{"self":[{"href":"https:\/\/yobipet.elesteam.com\/index.php\/wp-json\/wp\/v2\/product\/694","targetHints":{"allow":["GET"]}}],"collection":[{"href":"https:\/\/yobipet.elesteam.com\/index.php\/wp-json\/wp\/v2\/product"}],"about":[{"href":"https:\/\/yobipet.elesteam.com\/index.php\/wp-json\/wp\/v2\/types\/product"}],"wp:featuredmedia":[{"embeddable":true,"href":"https:\/\/yobipet.elesteam.com\/index.php\/wp-json\/wp\/v2\/media\/696"}],"wp:attachment":[{"href":"https:\/\/yobipet.elesteam.com\/index.php\/wp-json\/wp\/v2\/media?parent=694"}],"wp:term":[{"taxonomy":"product_brand","embeddable":true,"href":"https:\/\/yobipet.elesteam.com\/index.php\/wp-json\/wp\/v2\/product_brand?post=694"},{"taxonomy":"product_cat","embeddable":true,"href":"https:\/\/yobipet.elesteam.com\/index.php\/wp-json\/wp\/v2\/product_cat?post=694"},{"taxonomy":"product_tag","embeddable":true,"href":"https:\/\/yobipet.elesteam.com\/index.php\/wp-json\/wp\/v2\/product_tag?post=694"}],"curies":[{"name":"wp","href":"https:\/\/api.w.org\/{rel}","templated":true}]}}