{"id":739,"date":"2025-10-15T20:45:00","date_gmt":"2025-10-15T20:45:00","guid":{"rendered":"https:\/\/yobipet.elesteam.com\/?post_type=product&#038;p=739"},"modified":"2025-10-15T20:45:01","modified_gmt":"2025-10-15T20:45:01","slug":"concentrado-hills-science-diet-para-gatito-3-5-libras","status":"publish","type":"product","link":"https:\/\/yobipet.elesteam.com\/index.php\/producto\/concentrado-hills-science-diet-para-gatito-3-5-libras\/","title":{"rendered":"Concentrado Hills Science Diet para Gatito. 3.5 Libras"},"content":{"rendered":"<p><b>\u00bfQU\u00c9 ES?<\/b><\/p>\n<p>Hill\u2019s Science Diet Kitten es un alimento seco formulado para gatitos durante su etapa de crecimiento (desde el destete hasta aproximadamente 1 a\u00f1o), as\u00ed como para hembras gestantes o lactantes. Est\u00e1 dise\u00f1ado para proporcionar los nutrientes necesarios para un desarrollo saludable<\/p>\n<p><b>BENEFICIOS<\/b><\/p>\n<ul>\n<li data-start=\"475\" data-end=\"601\">Favorece el desarrollo de huesos y dientes fuertes mediante minerales balanceados.<\/li>\n<li data-start=\"604\" data-end=\"727\">Apoya el sistema inmune con una mezcla de antioxidantes (como vitaminas C y E).<\/li>\n<li data-start=\"730\" data-end=\"876\">Contiene DHA (grasas omega-3 del aceite de pescado) que ayuda en el desarrollo del cerebro y los ojos.<\/li>\n<li data-start=\"879\" data-end=\"993\">Prote\u00ednas de alta calidad para apoyar la formaci\u00f3n de m\u00fasculos magros.<\/li>\n<li data-start=\"996\" data-end=\"1115\">Promueve una digesti\u00f3n saludable con una combinaci\u00f3n \u00f3ptima de prebi\u00f3ticos.<\/li>\n<\/ul>\n<p><b>INGREDIENTES\u00a0\u00a0<\/b><\/p>\n<p data-start=\"1228\" data-end=\"1421\">Ingredientes destacados: pollo, arroz integral, gluten de trigo, grasa de pollo, avena, harina de pollo, huevo, aceite de pescado, vitaminas y minerales.<\/p>\n<p data-start=\"1424\" data-end=\"1756\">An\u00e1lisis garantizado<br data-start=\"1495\" data-end=\"1498\" \/>\u2002 \u2013 Humedad: ~ 8.0 %<br data-start=\"1556\" data-end=\"1559\" \/>\u2002 \u2013 Prote\u00edna cruda: ~ 33 %\u00a0<br data-start=\"1623\" data-end=\"1626\" \/>\u2002 \u2013 Grasa cruda: ~ 19 %\u00a0<br data-start=\"1687\" data-end=\"1690\" \/>\u2002 \u2013 Fibra cruda: ~ 4.0 %<\/p>\n<p><b>DOSIS \/ APLICACI\u00d3N<\/b><\/p>\n<div class=\"_tableContainer_1rjym_1\">\n<div class=\"group _tableWrapper_1rjym_13 flex w-fit flex-col-reverse\" tabindex=\"-1\">\n<table class=\"w-fit min-w-(--thread-content-width)\" data-start=\"1968\" data-end=\"2325\">\n<thead data-start=\"1968\" data-end=\"2012\">\n<tr data-start=\"1968\" data-end=\"2012\">\n<th data-start=\"1968\" data-end=\"1986\" data-col-size=\"sm\">Peso del gatito<\/th>\n<th data-start=\"1986\" data-end=\"2012\" data-col-size=\"md\">Cantidad diaria aprox.<\/th>\n<\/tr>\n<\/thead>\n<tbody data-start=\"2023\" data-end=\"2325\">\n<tr data-start=\"2023\" data-end=\"2099\">\n<td data-start=\"2023\" data-end=\"2040\" data-col-size=\"sm\">1 lb (~0,5 kg)<\/td>\n<td data-start=\"2040\" data-end=\"2099\" data-col-size=\"md\">\u00bc taza (\u2248 35 g)<\/td>\n<\/tr>\n<tr data-start=\"2100\" data-end=\"2166\">\n<td data-start=\"2100\" data-end=\"2107\" data-col-size=\"sm\">2 lb<\/td>\n<td data-start=\"2107\" data-end=\"2166\" data-col-size=\"md\">\u2153 taza (\u2248 45 g)<\/td>\n<\/tr>\n<tr data-start=\"2167\" data-end=\"2255\">\n<td data-start=\"2167\" data-end=\"2174\" data-col-size=\"sm\">3 lb<\/td>\n<td data-start=\"2174\" data-end=\"2255\" data-col-size=\"md\">\u00bd taza (\u2248 70 g) para etapas tempranas<\/td>\n<\/tr>\n<tr data-start=\"2256\" data-end=\"2325\">\n<td data-start=\"2256\" data-end=\"2263\" data-col-size=\"sm\">6 lb<\/td>\n<td data-col-size=\"md\" data-start=\"2263\" data-end=\"2325\">~ \u00be taza (\u2248 100 g)<\/td>\n<\/tr>\n<\/tbody>\n<\/table>\n<\/div>\n<\/div>\n<p data-start=\"2327\" data-end=\"2363\">Algunas recomendaciones adicionales:<\/p>\n<ul data-start=\"2365\" data-end=\"2765\">\n<li data-start=\"2365\" data-end=\"2505\">\n<p data-start=\"2367\" data-end=\"2505\">Ajustar las cantidades seg\u00fan el crecimiento, nivel de actividad y condici\u00f3n corporal del gatito.<\/p>\n<\/li>\n<\/ul>\n","protected":false},"excerpt":{"rendered":"<p>Alimento seco para gatito, sabor a<strong> pollo.<\/strong><\/p>\n","protected":false},"featured_media":740,"template":"","meta":[],"product_brand":[50],"product_cat":[46,48],"product_tag":[],"class_list":{"0":"post-739","1":"product","2":"type-product","3":"status-publish","4":"has-post-thumbnail","6":"product_brand-hills-science-diet","7":"product_cat-comida","8":"product_cat-comida-para-gatos","10":"first","11":"instock","12":"shipping-taxable","13":"purchasable","14":"product-type-simple"},"_links":{"self":[{"href":"https:\/\/yobipet.elesteam.com\/index.php\/wp-json\/wp\/v2\/product\/739","targetHints":{"allow":["GET"]}}],"collection":[{"href":"https:\/\/yobipet.elesteam.com\/index.php\/wp-json\/wp\/v2\/product"}],"about":[{"href":"https:\/\/yobipet.elesteam.com\/index.php\/wp-json\/wp\/v2\/types\/product"}],"wp:featuredmedia":[{"embeddable":true,"href":"https:\/\/yobipet.elesteam.com\/index.php\/wp-json\/wp\/v2\/media\/740"}],"wp:attachment":[{"href":"https:\/\/yobipet.elesteam.com\/index.php\/wp-json\/wp\/v2\/media?parent=739"}],"wp:term":[{"taxonomy":"product_brand","embeddable":true,"href":"https:\/\/yobipet.elesteam.com\/index.php\/wp-json\/wp\/v2\/product_brand?post=739"},{"taxonomy":"product_cat","embeddable":true,"href":"https:\/\/yobipet.elesteam.com\/index.php\/wp-json\/wp\/v2\/product_cat?post=739"},{"taxonomy":"product_tag","embeddable":true,"href":"https:\/\/yobipet.elesteam.com\/index.php\/wp-json\/wp\/v2\/product_tag?post=739"}],"curies":[{"name":"wp","href":"https:\/\/api.w.org\/{rel}","templated":true}]}}