{"id":742,"date":"2025-10-15T21:10:47","date_gmt":"2025-10-15T21:10:47","guid":{"rendered":"https:\/\/yobipet.elesteam.com\/?post_type=product&#038;p=742"},"modified":"2025-10-15T21:26:29","modified_gmt":"2025-10-15T21:26:29","slug":"concentrado-hills-science-diet-para-gato-adulto-control-bolas-de-pelo-3-5-libras","status":"publish","type":"product","link":"https:\/\/yobipet.elesteam.com\/index.php\/producto\/concentrado-hills-science-diet-para-gato-adulto-control-bolas-de-pelo-3-5-libras\/","title":{"rendered":"Concentrado Hills Science Diet para Gato Adulto Control bolas de Pelo.  3.5 Libras"},"content":{"rendered":"<p><b>\u00bfQU\u00c9 ES?<\/b><\/p>\n<p>Hill\u2019s Science Diet Adult Hairball Control es un alimento seco formulado para gatos adultos propensos a la formaci\u00f3n de bolas de pelo. Est\u00e1 dise\u00f1ado para ayudar a reducir la acumulaci\u00f3n de pelo en el tracto digestivo mediante fibras naturales, al tiempo que ofrece nutrici\u00f3n completa para mantener la salud general felina.<\/p>\n<p><b>BENEFICIOS<\/b><\/p>\n<ul data-start=\"521\" data-end=\"1089\">\n<li data-start=\"521\" data-end=\"683\">\n<p data-start=\"523\" data-end=\"683\">Reduce la formaci\u00f3n de bolas de pelo gracias a fibras naturales que ayudan a movilizar el pelo ingerido por el gato.<\/p>\n<\/li>\n<li data-start=\"684\" data-end=\"832\">\n<p data-start=\"686\" data-end=\"832\">Apoya una piel y pelaje saludables mediante los \u00e1cidos grasos Omega-3 y Omega-6, junto con vitamina E.<\/p>\n<\/li>\n<li data-start=\"833\" data-end=\"942\">\n<p data-start=\"835\" data-end=\"942\">Con prote\u00edna de alta calidad para mantener masa muscular magra.<\/p>\n<\/li>\n<li data-start=\"943\" data-end=\"1089\">\n<p data-start=\"945\" data-end=\"1089\">F\u00f3rmula nutricional balanceada que cumple con los perfiles para gatos adultos establecidos por la AAFCO.<\/p>\n<\/li>\n<\/ul>\n<p><b>INGREDIENTES\u00a0\u00a0<\/b><\/p>\n<p>Pollo (Chicken)<br \/>\nTrigo integral (Whole Grain Wheat)<br \/>\nHarina de ma\u00edz (Corn Gluten Meal)<br \/>\nGrasa de pollo (Chicken Fat)<br \/>\nCelulosa en polvo (Powdered Cellulose) \u2014 fuente de fibra para el control de pelo<br \/>\nHarina de pollo (Chicken Meal)<br \/>\nHarina de trigo (Wheat Gluten)<br \/>\nSabor natural de h\u00edgado de pollo (Chicken Liver Flavor)<br \/>\nPulpa de remolacha seca (Dried Beet Pulp)<br \/>\nAceite de pescado (Fish Oil) para los \u00e1cidos grasos omega<br \/>\nVitaminas y minerales esenciales (vitamina E, vitaminas del complejo B, minerales quelados)<\/p>\n<p><b>DOSIS \/ APLICACI\u00d3N<\/b><\/p>\n<p>Peso del gato\u00a0\u00a0\u00a0\u00a0 Cantidad diaria aprox.<\/p>\n<p>4 lb (\u22481,8 kg)\u00a0\u00a0\u00a0\u00a0\u00a0 3\/8 de taza (\u2248 35 g)<\/p>\n<p>6 lb (\u22482,7 kg)\u00a0\u00a0\u00a0\u00a0\u00a0 \u00bd taza (\u2248 45 g)<\/p>\n<p>8 lb (\u22483,6 kg)\u00a0\u00a0\u00a0\u00a0\u00a0 \u2154 taza (\u2248 60 g)<\/p>\n<p>10 lb (\u22484,5 kg)\u00a0\u00a0\u00a0 \u00be taza (\u2248 65 g)<\/p>\n<p>12 lb (\u22485,4 kg)\u00a0\u00a0\u00a0 \u215e taza (\u2248 75 g)<\/p>\n","protected":false},"excerpt":{"rendered":"<p>Alimento seco para gato adulto control bolas de pelo, sabor a <strong>pollo.<\/strong><\/p>\n<p>&nbsp;<\/p>\n","protected":false},"featured_media":743,"template":"","meta":[],"product_brand":[50],"product_cat":[46,48],"product_tag":[],"class_list":{"0":"post-742","1":"product","2":"type-product","3":"status-publish","4":"has-post-thumbnail","6":"product_brand-hills-science-diet","7":"product_cat-comida","8":"product_cat-comida-para-gatos","10":"first","11":"instock","12":"shipping-taxable","13":"purchasable","14":"product-type-simple"},"_links":{"self":[{"href":"https:\/\/yobipet.elesteam.com\/index.php\/wp-json\/wp\/v2\/product\/742","targetHints":{"allow":["GET"]}}],"collection":[{"href":"https:\/\/yobipet.elesteam.com\/index.php\/wp-json\/wp\/v2\/product"}],"about":[{"href":"https:\/\/yobipet.elesteam.com\/index.php\/wp-json\/wp\/v2\/types\/product"}],"wp:featuredmedia":[{"embeddable":true,"href":"https:\/\/yobipet.elesteam.com\/index.php\/wp-json\/wp\/v2\/media\/743"}],"wp:attachment":[{"href":"https:\/\/yobipet.elesteam.com\/index.php\/wp-json\/wp\/v2\/media?parent=742"}],"wp:term":[{"taxonomy":"product_brand","embeddable":true,"href":"https:\/\/yobipet.elesteam.com\/index.php\/wp-json\/wp\/v2\/product_brand?post=742"},{"taxonomy":"product_cat","embeddable":true,"href":"https:\/\/yobipet.elesteam.com\/index.php\/wp-json\/wp\/v2\/product_cat?post=742"},{"taxonomy":"product_tag","embeddable":true,"href":"https:\/\/yobipet.elesteam.com\/index.php\/wp-json\/wp\/v2\/product_tag?post=742"}],"curies":[{"name":"wp","href":"https:\/\/api.w.org\/{rel}","templated":true}]}}