{"id":795,"date":"2025-11-03T21:04:56","date_gmt":"2025-11-03T21:04:56","guid":{"rendered":"https:\/\/yobipet.elesteam.com\/?post_type=product&#038;p=795"},"modified":"2026-01-20T21:57:29","modified_gmt":"2026-01-20T21:57:29","slug":"credelio-para-perro-11-22-kg","status":"publish","type":"product","link":"https:\/\/yobipet.elesteam.com\/index.php\/producto\/credelio-para-perro-11-22-kg\/","title":{"rendered":"Credelio para Perro 11-22 Kg"},"content":{"rendered":"<p>\u00bfQUE ES?<\/p>\n<p data-start=\"128\" data-end=\"442\">Credelio 450 mg (comprimido masticable) es un medicamento veterinario que contiene como sustancia activa Lotilaner (450 mg por comprimido en esta presentaci\u00f3n) para perros con peso entre 11 y 22 kg. Est\u00e1 indicado para el tratamiento de infestaciones por pulgas y garrapatas.<\/p>\n<p>PROPIEDADES FARMACOL\u00d3GICAS<\/p>\n<p>Lotilaner pertenece a la clase de las isoxazolinas. Act\u00faa bloqueando los canales de cloro regulados por el neurotransmisor GABA en pulgas y garrapatas, lo que provoca sobreexcitaci\u00f3n neuromuscular, par\u00e1lisis y muerte del par\u00e1sito. Tras administraci\u00f3n oral junto con comida, se absorbe r\u00e1pidamente y logra concentraci\u00f3n eficaz que se mantiene aproximadamente un mes para brindar protecci\u00f3n continua.<\/p>\n<p>APLICACI\u00d3N \/ MODO DE USO<\/p>\n<ul>\n<li data-start=\"994\" data-end=\"1101\">V\u00eda de administraci\u00f3n: oral, mediante un comprimido masticable.<\/li>\n<li data-start=\"1104\" data-end=\"1221\">Dosificaci\u00f3n para perros de 11-22 kg: 1 comprimido de 450 mg (lotilaner).<\/li>\n<li data-start=\"1224\" data-end=\"1295\">Frecuencia: una vez al mes.<\/li>\n<li data-start=\"1298\" data-end=\"1461\">Momento: Debe administrarse con alimento o dentro de los 30 minutos posteriores a la comida, para asegurar buena absorci\u00f3n.<\/li>\n<\/ul>\n","protected":false},"excerpt":{"rendered":"<p>Es un comprimido masticable antipulgas y antigarrapatas que contiene lotilaner\u00a0 250mg <strong>(1 tableta)<\/strong><\/p>\n","protected":false},"featured_media":796,"template":"","meta":[],"product_brand":[57],"product_cat":[60,59],"product_tag":[],"class_list":{"0":"post-795","1":"product","2":"type-product","3":"status-publish","4":"has-post-thumbnail","6":"product_brand-credelio","7":"product_cat-antipulgas-y-garrapas-perros-medicamentos","8":"product_cat-medicamentos","10":"first","11":"instock","12":"shipping-taxable","13":"purchasable","14":"product-type-simple"},"_links":{"self":[{"href":"https:\/\/yobipet.elesteam.com\/index.php\/wp-json\/wp\/v2\/product\/795","targetHints":{"allow":["GET"]}}],"collection":[{"href":"https:\/\/yobipet.elesteam.com\/index.php\/wp-json\/wp\/v2\/product"}],"about":[{"href":"https:\/\/yobipet.elesteam.com\/index.php\/wp-json\/wp\/v2\/types\/product"}],"wp:featuredmedia":[{"embeddable":true,"href":"https:\/\/yobipet.elesteam.com\/index.php\/wp-json\/wp\/v2\/media\/796"}],"wp:attachment":[{"href":"https:\/\/yobipet.elesteam.com\/index.php\/wp-json\/wp\/v2\/media?parent=795"}],"wp:term":[{"taxonomy":"product_brand","embeddable":true,"href":"https:\/\/yobipet.elesteam.com\/index.php\/wp-json\/wp\/v2\/product_brand?post=795"},{"taxonomy":"product_cat","embeddable":true,"href":"https:\/\/yobipet.elesteam.com\/index.php\/wp-json\/wp\/v2\/product_cat?post=795"},{"taxonomy":"product_tag","embeddable":true,"href":"https:\/\/yobipet.elesteam.com\/index.php\/wp-json\/wp\/v2\/product_tag?post=795"}],"curies":[{"name":"wp","href":"https:\/\/api.w.org\/{rel}","templated":true}]}}