{"id":808,"date":"2025-11-03T23:58:04","date_gmt":"2025-11-03T23:58:04","guid":{"rendered":"https:\/\/yobipet.elesteam.com\/?post_type=product&#038;p=808"},"modified":"2025-11-07T20:26:16","modified_gmt":"2025-11-07T20:26:16","slug":"bravecto-para-perro-20-40-kg","status":"publish","type":"product","link":"https:\/\/yobipet.elesteam.com\/index.php\/producto\/bravecto-para-perro-20-40-kg\/","title":{"rendered":"Bravecto para Perro 20-40 Kg"},"content":{"rendered":"<p>\u00bfQUE ES?<\/p>\n<p>Bravecto es un comprimido masticable (antipar\u00e1sito externo) para perros, que contiene la sustancia activa Fluralaner. En la presentaci\u00f3n para perros de m\u00e1s de 20 kg hasta 40 kg se administra la dosis correspondiente (1 000 mg de fluralaner) para esa banda de peso.\u00a0<br data-start=\"464\" data-end=\"467\" \/>Est\u00e1 indicado para el tratamiento y prevenci\u00f3n de infestaciones por pulgas y garrapatas, y tambi\u00e9n otras indicaciones como ciertos \u00e1caros, seg\u00fan ficha t\u00e9cnica.<\/p>\n<p>PROPIEDADES FARMACOL\u00d3GICAS<\/p>\n<p data-start=\"737\" data-end=\"1133\">Fluralaner pertenece a la clase de las isoxazolinas. Act\u00faa bloqueando los canales de cloro regulados por los neurotransmisores GABA y glutamato en pulgas y garrapatas, provocando hiperexcitaci\u00f3n neuromuscular, par\u00e1lisis y muerte del par\u00e1sito. Una \u00fanica dosis oral proporciona una protecci\u00f3n prolongada, de hasta 12 semanas frente a pulgas y garrapatas.<\/p>\n<p>APLICACI\u00d3N \/ MODO DE USO<\/p>\n<ul>\n<li data-start=\"1176\" data-end=\"1282\">V\u00eda de administraci\u00f3n: oral mediante un comprimido masticable.<\/li>\n<li data-start=\"1285\" data-end=\"1450\">Dosis: Para perros que pesan entre &gt; 20 kg y \u2264 40 kg, se administra 1 comprimido que contiene 1 000 mg de fluralaner.<\/li>\n<li data-start=\"1453\" data-end=\"1610\">Frecuencia: Una sola dosis que se repite cada aproximadamente 12 semanas (\u2248 3 meses) para mantener la protecci\u00f3n.<\/li>\n<li data-start=\"1613\" data-end=\"1801\">Momento de administraci\u00f3n: El comprimido debe administrarse con comida o inmediatamente despu\u00e9s de la comida, para asegurar una buena absorci\u00f3n.<\/li>\n<\/ul>\n","protected":false},"excerpt":{"rendered":"<p>Protege a tu perro de pulgas y garrapatas con una sola dosis que dura hasta 3 meses.<\/p>\n","protected":false},"featured_media":812,"template":"","meta":[],"product_brand":[58],"product_cat":[60,59],"product_tag":[],"class_list":{"0":"post-808","1":"product","2":"type-product","3":"status-publish","4":"has-post-thumbnail","6":"product_brand-bravecto","7":"product_cat-antipulgas-y-garrapas-perros-medicamentos","8":"product_cat-medicamentos","10":"first","11":"instock","12":"shipping-taxable","13":"purchasable","14":"product-type-simple"},"_links":{"self":[{"href":"https:\/\/yobipet.elesteam.com\/index.php\/wp-json\/wp\/v2\/product\/808","targetHints":{"allow":["GET"]}}],"collection":[{"href":"https:\/\/yobipet.elesteam.com\/index.php\/wp-json\/wp\/v2\/product"}],"about":[{"href":"https:\/\/yobipet.elesteam.com\/index.php\/wp-json\/wp\/v2\/types\/product"}],"wp:featuredmedia":[{"embeddable":true,"href":"https:\/\/yobipet.elesteam.com\/index.php\/wp-json\/wp\/v2\/media\/812"}],"wp:attachment":[{"href":"https:\/\/yobipet.elesteam.com\/index.php\/wp-json\/wp\/v2\/media?parent=808"}],"wp:term":[{"taxonomy":"product_brand","embeddable":true,"href":"https:\/\/yobipet.elesteam.com\/index.php\/wp-json\/wp\/v2\/product_brand?post=808"},{"taxonomy":"product_cat","embeddable":true,"href":"https:\/\/yobipet.elesteam.com\/index.php\/wp-json\/wp\/v2\/product_cat?post=808"},{"taxonomy":"product_tag","embeddable":true,"href":"https:\/\/yobipet.elesteam.com\/index.php\/wp-json\/wp\/v2\/product_tag?post=808"}],"curies":[{"name":"wp","href":"https:\/\/api.w.org\/{rel}","templated":true}]}}